{"id":516,"date":"2025-11-28T05:36:20","date_gmt":"2025-11-28T04:36:20","guid":{"rendered":"https:\/\/styrke.no\/ikmaf\/?page_id=516"},"modified":"2025-11-28T05:46:35","modified_gmt":"2025-11-28T04:46:35","slug":"nyttige-lenker","status":"publish","type":"page","link":"https:\/\/styrke.no\/ikmaf\/nyttige-lenker\/","title":{"rendered":"Nyttige-lenker"},"content":{"rendered":"\n<h3 class=\"wp-block-heading\" id=\"h-avtaler\"><strong>Avtaler<\/strong><\/h3>\n\n\n\n<p class=\"is-style-default\" id=\"Nyttige-lenker\"><a href=\"https:\/\/styrke.no\/content\/uploads\/2022\/08\/Hovedavtalen-LO-NHO-2022-2025.pdf\">Hovedavtalen LO-NHO<\/a><br><a href=\"https:\/\/styrke.no\/lonns-og-arbeidsvilkar\/tariffavtaler\/landbaseavtalen-124-2024-2026\/\">Landbase Tariffavtalen 124<\/a><br><a href=\"javascript:__doPostBack('ctl00$Content$SYS010_Documents$gvDocuments$ctl28$lbtDocument','')\">Lokal S\u00e6ravtale<\/a><br><a href=\"https:\/\/lovdata.no\/\">Lovdata<\/a><br><a href=\"https:\/\/lovdata.no\/dokument\/NL\/lov\/2005-06-17-62\">Arbeidsmilj\u00f8loven<\/a><br><a href=\"javascript:__doPostBack('ctl00$Content$SYS010_Documents$gvDocuments$ctl25$lbtDocument','')\">Retningslinjer for timef\u00f8ring og tillegg<\/a><br><a href=\"javascript:__doPostBack('ctl00$Content$SYS010_Documents$gvDocuments$ctl30$lbtDocument','')\">Satser, faste og variable tillegg<\/a><\/p>\n\n\n\n<h3 class=\"wp-block-heading\" id=\"h-praktiske-lenker\"><strong>Praktiske lenker<\/strong><\/h3>\n\n\n\n<p><a href=\"https:\/\/www.arbeidstilsynet.no\/godkjenninger\/godkjente-bemanningsforetak\/\">Godkjente bemanningsbyr\u00e5<\/a><br><a href=\"http:\/\/www.ikm.no\">IKM Testing AS<\/a><br><a href=\"https:\/\/icore.ikm.no\/aadsso\/SYS\/SYS010_MAIN\/SYS010_Main.aspx\">iCore<\/a><br><a href=\"https:\/\/www.bdo.no\/nb-no\/home-no\">BDO R\u00e5dgiving og revisjonsselskap<\/a><br><\/p>\n","protected":false},"excerpt":{"rendered":"<p>Avtaler Hovedavtalen LO-NHOLandbase Tariffavtalen 124Lokal S\u00e6ravtaleLovdataArbeidsmilj\u00f8lovenRetningslinjer for timef\u00f8ring og tilleggSatser, faste og variable tillegg Praktiske lenker Godkjente bemanningsbyr\u00e5IKM Testing ASiCoreBDO \u2026 <\/p>\n","protected":false},"author":235,"featured_media":525,"parent":0,"menu_order":0,"comment_status":"closed","ping_status":"closed","template":"","meta":{"_acf_changed":false,"teft_cards_image_id":525,"teft_cards_image_focal_point_x":0.38,"teft_cards_image_focal_point_y":0.3,"teft_cards_title":"Nyttige lenker","teft_cards_excerpt":"","footnotes":""},"news-tag":[38,39,44,45],"class_list":["post-516","page","type-page","status-publish","has-post-thumbnail","hentry","news-tag-forbund-styrke","news-tag-klubbnytt","news-tag-klubbvedtekter","news-tag-retningslinjer"],"yoast_head":"<!-- This site is optimized with the Yoast SEO Premium plugin v22.4 (Yoast SEO v23.0) - https:\/\/yoast.com\/wordpress\/plugins\/seo\/ -->\n<title>Nyttige-lenker - IKMAF<\/title>\n<meta name=\"robots\" content=\"index, follow, max-snippet:-1, max-image-preview:large, max-video-preview:-1\" \/>\n<link rel=\"canonical\" href=\"https:\/\/styrke.no\/ikmaf\/nyttige-lenker\/\" \/>\n<meta property=\"og:locale\" content=\"nb_NO\" \/>\n<meta property=\"og:type\" content=\"article\" \/>\n<meta property=\"og:title\" content=\"Nyttige-lenker\" \/>\n<meta property=\"og:description\" content=\"Avtaler Hovedavtalen LO-NHOLandbase Tariffavtalen 124Lokal S\u00e6ravtaleLovdataArbeidsmilj\u00f8lovenRetningslinjer for timef\u00f8ring og tilleggSatser, faste og variable tillegg Praktiske lenker Godkjente bemanningsbyr\u00e5IKM Testing ASiCoreBDO \u2026\" \/>\n<meta property=\"og:url\" content=\"https:\/\/styrke.no\/ikmaf\/nyttige-lenker\/\" \/>\n<meta property=\"og:site_name\" content=\"IKMAF\" \/>\n<meta property=\"article:publisher\" content=\"https:\/\/www.facebook.com\/share\/g\/1BiLPsUqug\/?mibextid=wwXIfr\" \/>\n<meta property=\"article:modified_time\" content=\"2025-11-28T04:46:35+00:00\" \/>\n<meta property=\"og:image\" content=\"https:\/\/styrke.no\/content\/uploads\/sites\/30\/2025\/11\/Links.jpg\" \/>\n\t<meta property=\"og:image:width\" content=\"1000\" \/>\n\t<meta property=\"og:image:height\" content=\"1000\" \/>\n\t<meta property=\"og:image:type\" content=\"image\/jpeg\" \/>\n<meta name=\"twitter:card\" content=\"summary_large_image\" \/>\n<meta name=\"twitter:label1\" content=\"Ansl. lesetid\" \/>\n\t<meta name=\"twitter:data1\" content=\"1 minutt\" \/>\n<script type=\"application\/ld+json\" class=\"yoast-schema-graph\">{\"@context\":\"https:\/\/schema.org\",\"@graph\":[{\"@type\":\"WebPage\",\"@id\":\"https:\/\/styrke.no\/ikmaf\/nyttige-lenker\/\",\"url\":\"https:\/\/styrke.no\/ikmaf\/nyttige-lenker\/\",\"name\":\"Nyttige-lenker - IKMAF\",\"isPartOf\":{\"@id\":\"https:\/\/styrke.no\/ikmaf\/#website\"},\"primaryImageOfPage\":{\"@id\":\"https:\/\/styrke.no\/ikmaf\/nyttige-lenker\/#primaryimage\"},\"image\":{\"@id\":\"https:\/\/styrke.no\/ikmaf\/nyttige-lenker\/#primaryimage\"},\"thumbnailUrl\":\"https:\/\/styrke.no\/content\/uploads\/sites\/30\/2025\/11\/Links.jpg\",\"datePublished\":\"2025-11-28T04:36:20+00:00\",\"dateModified\":\"2025-11-28T04:46:35+00:00\",\"breadcrumb\":{\"@id\":\"https:\/\/styrke.no\/ikmaf\/nyttige-lenker\/#breadcrumb\"},\"inLanguage\":\"nb-NO\",\"potentialAction\":[{\"@type\":\"ReadAction\",\"target\":[\"https:\/\/styrke.no\/ikmaf\/nyttige-lenker\/\"]}]},{\"@type\":\"ImageObject\",\"inLanguage\":\"nb-NO\",\"@id\":\"https:\/\/styrke.no\/ikmaf\/nyttige-lenker\/#primaryimage\",\"url\":\"https:\/\/styrke.no\/content\/uploads\/sites\/30\/2025\/11\/Links.jpg\",\"contentUrl\":\"https:\/\/styrke.no\/content\/uploads\/sites\/30\/2025\/11\/Links.jpg\",\"width\":1000,\"height\":1000},{\"@type\":\"BreadcrumbList\",\"@id\":\"https:\/\/styrke.no\/ikmaf\/nyttige-lenker\/#breadcrumb\",\"itemListElement\":[{\"@type\":\"ListItem\",\"position\":1,\"name\":\"Hjem\",\"item\":\"https:\/\/styrke.no\/ikmaf\/\"},{\"@type\":\"ListItem\",\"position\":2,\"name\":\"Nyttige-lenker\"}]},{\"@type\":\"WebSite\",\"@id\":\"https:\/\/styrke.no\/ikmaf\/#website\",\"url\":\"https:\/\/styrke.no\/ikmaf\/\",\"name\":\"IKMAF\",\"description\":\"Ansvarlig, Modig, Tydelig og M\u00e5lbevist\",\"publisher\":{\"@id\":\"https:\/\/styrke.no\/ikmaf\/#organization\"},\"potentialAction\":[{\"@type\":\"SearchAction\",\"target\":{\"@type\":\"EntryPoint\",\"urlTemplate\":\"https:\/\/styrke.no\/ikmaf\/?s={search_term_string}\"},\"query-input\":\"required name=search_term_string\"}],\"inLanguage\":\"nb-NO\"},{\"@type\":\"Organization\",\"@id\":\"https:\/\/styrke.no\/ikmaf\/#organization\",\"name\":\"IKMAF\",\"url\":\"https:\/\/styrke.no\/ikmaf\/\",\"logo\":{\"@type\":\"ImageObject\",\"inLanguage\":\"nb-NO\",\"@id\":\"https:\/\/styrke.no\/ikmaf\/#\/schema\/logo\/image\/\",\"url\":\"https:\/\/styrke.no\/content\/uploads\/sites\/30\/2025\/11\/IKM-Ansattes-Forening-50-percent-e1764241607787.jpg\",\"contentUrl\":\"https:\/\/styrke.no\/content\/uploads\/sites\/30\/2025\/11\/IKM-Ansattes-Forening-50-percent-e1764241607787.jpg\",\"width\":150,\"height\":127,\"caption\":\"IKMAF\"},\"image\":{\"@id\":\"https:\/\/styrke.no\/ikmaf\/#\/schema\/logo\/image\/\"},\"sameAs\":[\"https:\/\/www.facebook.com\/share\/g\/1BiLPsUqug\/?mibextid=wwXIfr\"]}]}<\/script>\n<!-- \/ Yoast SEO Premium plugin. -->","yoast_head_json":{"title":"Nyttige-lenker - IKMAF","robots":{"index":"index","follow":"follow","max-snippet":"max-snippet:-1","max-image-preview":"max-image-preview:large","max-video-preview":"max-video-preview:-1"},"canonical":"https:\/\/styrke.no\/ikmaf\/nyttige-lenker\/","og_locale":"nb_NO","og_type":"article","og_title":"Nyttige-lenker","og_description":"Avtaler Hovedavtalen LO-NHOLandbase Tariffavtalen 124Lokal S\u00e6ravtaleLovdataArbeidsmilj\u00f8lovenRetningslinjer for timef\u00f8ring og tilleggSatser, faste og variable tillegg Praktiske lenker Godkjente bemanningsbyr\u00e5IKM Testing ASiCoreBDO \u2026","og_url":"https:\/\/styrke.no\/ikmaf\/nyttige-lenker\/","og_site_name":"IKMAF","article_publisher":"https:\/\/www.facebook.com\/share\/g\/1BiLPsUqug\/?mibextid=wwXIfr","article_modified_time":"2025-11-28T04:46:35+00:00","og_image":[{"width":1000,"height":1000,"url":"https:\/\/styrke.no\/content\/uploads\/sites\/30\/2025\/11\/Links.jpg","type":"image\/jpeg"}],"twitter_card":"summary_large_image","twitter_misc":{"Ansl. lesetid":"1 minutt"},"schema":{"@context":"https:\/\/schema.org","@graph":[{"@type":"WebPage","@id":"https:\/\/styrke.no\/ikmaf\/nyttige-lenker\/","url":"https:\/\/styrke.no\/ikmaf\/nyttige-lenker\/","name":"Nyttige-lenker - IKMAF","isPartOf":{"@id":"https:\/\/styrke.no\/ikmaf\/#website"},"primaryImageOfPage":{"@id":"https:\/\/styrke.no\/ikmaf\/nyttige-lenker\/#primaryimage"},"image":{"@id":"https:\/\/styrke.no\/ikmaf\/nyttige-lenker\/#primaryimage"},"thumbnailUrl":"https:\/\/styrke.no\/content\/uploads\/sites\/30\/2025\/11\/Links.jpg","datePublished":"2025-11-28T04:36:20+00:00","dateModified":"2025-11-28T04:46:35+00:00","breadcrumb":{"@id":"https:\/\/styrke.no\/ikmaf\/nyttige-lenker\/#breadcrumb"},"inLanguage":"nb-NO","potentialAction":[{"@type":"ReadAction","target":["https:\/\/styrke.no\/ikmaf\/nyttige-lenker\/"]}]},{"@type":"ImageObject","inLanguage":"nb-NO","@id":"https:\/\/styrke.no\/ikmaf\/nyttige-lenker\/#primaryimage","url":"https:\/\/styrke.no\/content\/uploads\/sites\/30\/2025\/11\/Links.jpg","contentUrl":"https:\/\/styrke.no\/content\/uploads\/sites\/30\/2025\/11\/Links.jpg","width":1000,"height":1000},{"@type":"BreadcrumbList","@id":"https:\/\/styrke.no\/ikmaf\/nyttige-lenker\/#breadcrumb","itemListElement":[{"@type":"ListItem","position":1,"name":"Hjem","item":"https:\/\/styrke.no\/ikmaf\/"},{"@type":"ListItem","position":2,"name":"Nyttige-lenker"}]},{"@type":"WebSite","@id":"https:\/\/styrke.no\/ikmaf\/#website","url":"https:\/\/styrke.no\/ikmaf\/","name":"IKMAF","description":"Ansvarlig, Modig, Tydelig og M\u00e5lbevist","publisher":{"@id":"https:\/\/styrke.no\/ikmaf\/#organization"},"potentialAction":[{"@type":"SearchAction","target":{"@type":"EntryPoint","urlTemplate":"https:\/\/styrke.no\/ikmaf\/?s={search_term_string}"},"query-input":"required name=search_term_string"}],"inLanguage":"nb-NO"},{"@type":"Organization","@id":"https:\/\/styrke.no\/ikmaf\/#organization","name":"IKMAF","url":"https:\/\/styrke.no\/ikmaf\/","logo":{"@type":"ImageObject","inLanguage":"nb-NO","@id":"https:\/\/styrke.no\/ikmaf\/#\/schema\/logo\/image\/","url":"https:\/\/styrke.no\/content\/uploads\/sites\/30\/2025\/11\/IKM-Ansattes-Forening-50-percent-e1764241607787.jpg","contentUrl":"https:\/\/styrke.no\/content\/uploads\/sites\/30\/2025\/11\/IKM-Ansattes-Forening-50-percent-e1764241607787.jpg","width":150,"height":127,"caption":"IKMAF"},"image":{"@id":"https:\/\/styrke.no\/ikmaf\/#\/schema\/logo\/image\/"},"sameAs":["https:\/\/www.facebook.com\/share\/g\/1BiLPsUqug\/?mibextid=wwXIfr"]}]}},"acf":[],"_links":{"self":[{"href":"https:\/\/styrke.no\/ikmaf\/wp-json\/wp\/v2\/pages\/516"}],"collection":[{"href":"https:\/\/styrke.no\/ikmaf\/wp-json\/wp\/v2\/pages"}],"about":[{"href":"https:\/\/styrke.no\/ikmaf\/wp-json\/wp\/v2\/types\/page"}],"author":[{"embeddable":true,"href":"https:\/\/styrke.no\/ikmaf\/wp-json\/wp\/v2\/users\/235"}],"replies":[{"embeddable":true,"href":"https:\/\/styrke.no\/ikmaf\/wp-json\/wp\/v2\/comments?post=516"}],"version-history":[{"count":5,"href":"https:\/\/styrke.no\/ikmaf\/wp-json\/wp\/v2\/pages\/516\/revisions"}],"predecessor-version":[{"id":530,"href":"https:\/\/styrke.no\/ikmaf\/wp-json\/wp\/v2\/pages\/516\/revisions\/530"}],"wp:featuredmedia":[{"embeddable":true,"href":"https:\/\/styrke.no\/ikmaf\/wp-json\/wp\/v2\/media\/525"}],"wp:attachment":[{"href":"https:\/\/styrke.no\/ikmaf\/wp-json\/wp\/v2\/media?parent=516"}],"wp:term":[{"taxonomy":"news-tag","embeddable":true,"href":"https:\/\/styrke.no\/ikmaf\/wp-json\/wp\/v2\/news-tag?post=516"}],"curies":[{"name":"wp","href":"https:\/\/api.w.org\/{rel}","templated":true}]}}