{"id":132,"date":"2021-11-15T11:01:45","date_gmt":"2021-11-15T10:01:45","guid":{"rendered":"https:\/\/styrke.no\/sdaf\/?page_id=132"},"modified":"2025-07-09T15:13:14","modified_gmt":"2025-07-09T13:13:14","slug":"medlemsfordeler","status":"publish","type":"page","link":"https:\/\/styrke.no\/sdaf\/medlemsfordeler\/","title":{"rendered":"Medlemsfordeler"},"content":{"rendered":"\t<div class=\"hero alignfull wp-block-dekode-hero has-background has-primary-200-background-color\">\n\t\t<div class=\"hero__inner\">\n\t\t\t<div class=\"hero__media\">\n\t\t\t\t\n\t\t<div class=\"illustration\">\n\t\t<img loading=\"lazy\" decoding=\"async\" width=\"1001\" height=\"1000\" src=\"https:\/\/styrke.no\/content\/uploads\/sites\/27\/2021\/11\/saving.png\" class=\"illustration__image\" alt=\"\" style=\"object-position: 50% 50%\" srcset=\"https:\/\/styrke.no\/content\/uploads\/sites\/27\/2021\/11\/saving.png 1001w, https:\/\/styrke.no\/content\/uploads\/sites\/27\/2021\/11\/saving-300x300.png 300w, https:\/\/styrke.no\/content\/uploads\/sites\/27\/2021\/11\/saving-150x150.png 150w, https:\/\/styrke.no\/content\/uploads\/sites\/27\/2021\/11\/saving-768x767.png 768w\" \/>\t<\/div>\n\t\t\n\t\t\t<\/div>\n\n\t\t\t<div class=\"hero__content\">\n\t\t\t\t<h1 class=\"hero__title\">Medlemsfordeler<\/h1>\t\t\t\t\t<p>I offshorebransjen kan du m\u00f8te t\u00f8ffe situasjoner \u2013 men hos STYRKE st\u00e5r du aldri alene. Med over 4000 tillitsvalgte og sterke medlemsfordeler gir vi deg trygghet i arbeidslivet og st\u00f8tte n\u00e5r du trenger det.<\/p>\n\t\t\t\t\t\t\t\t<\/div>\n\t\t<\/div>\n\t<\/div>\n\t\n\n\n<h2 class=\"wp-block-heading\" id=\"h-forsikringer\">Forsikringer<\/h2>\n\n\n\n<p>V\u00e5re medlemmer har en rekke gunstige forsikringer inkludert i medlemskapet<\/p>\n\n\n\n<ul class=\"wp-block-list\">\n<li><a href=\"https:\/\/www.lofavor.no\/forsikring\/grunnforsikring\">Lofav\u00f8r Grunnforsikring<\/a><\/li>\n\n\n\n<li><a href=\"https:\/\/www.lofavor.no\/forsikring\/innboforsikring\">Lofav\u00f8r Innboforsikring<\/a><\/li>\n\n\n\n<li><a href=\"https:\/\/www.lofavor.no\/juridisk\/advokatforsikring\">Lofav\u00f8r Advokatforsikring<\/a><\/li>\n\n\n\n<li><a href=\"https:\/\/www.lofavor.no\/forsikring\/fritidsulykkeforsikring\">Lofav\u00f8r Fritidsulykkeforsikring<\/a><\/li>\n<\/ul>\n\n\n\n<p>I tillegg til forsikringene som er inkludert i medlemskapet, kan du kj\u00f8pe ekstra forsikringer gjennom Lofav\u00f8r, som for eksempel:<\/p>\n\n\n\n<ul class=\"wp-block-list\">\n<li><a href=\"https:\/\/www.lofavor.no\/forsikring\/husforsikring\">Husforsikring<\/a><\/li>\n\n\n\n<li><a href=\"https:\/\/www.lofavor.no\/forsikring\/bilforsikring\">Bilforsikring<\/a><\/li>\n\n\n\n<li><a href=\"https:\/\/www.lofavor.no\/forsikring\/batforsikring\">B\u00e5tforsikring<\/a><\/li>\n\n\n\n<li><a href=\"https:\/\/www.lofavor.no\/forsikring\/hundeforsikring\">Dyreforsikringer<\/a><\/li>\n<\/ul>\n\n\n\n<h2 class=\"wp-block-heading\" id=\"h-bank\">Bank<\/h2>\n\n\n\n<p>Som medlem f\u00e5r du tilgang til gunstige avtaler p\u00e5 boligl\u00e5n, bill\u00e5n, pensjon, BSU og mer \u2013 fremforhandlet gjennom v\u00e5rt fellesskap p\u00e5 over 1 million medlemmer.<\/p>\n\n\n\n<p>Banktjenestene leveres av SpareBank 1, og m\u00e5let er \u00e5 gj\u00f8re det enklere for deg \u00e5 velge trygge og rimelige bankprodukter i en jungel av ulike tilbud.<\/p>\n\n\n\n<p><a href=\"https:\/\/www.lofavor.no\/bank\">Les mer her<\/a><\/p>\n\n\n\n<h2 class=\"wp-block-heading\" id=\"h-hus-og-hjem\">Hus og hjem<\/h2>\n\n\n\n<p>Som medlem f\u00e5r du tilgang til gode fordeler innen boligsalg, boligl\u00e5n, forsikring, str\u00f8m og mer. Med over 1 million medlemmer i ryggen har vi forhandlet frem trygge og oversiktlige avtaler p\u00e5 viktige tjenester i privatlivet.<\/p>\n\n\n\n<p>Det skal v\u00e6re enkelt \u00e5 velge riktig \u2013 ogs\u00e5 n\u00e5r markedet er fullt av alternativer.<\/p>\n\n\n\n<p><a href=\"https:\/\/www.lofavor.no\/hus-og-hjem\">Les mer her<\/a><\/p>\n\n\n\n<h2 class=\"wp-block-heading\" id=\"h-ferie-og-fritid\">Ferie og fritid<\/h2>\n\n\n\n<p>Ferie og fritid er viktig \u2013 derfor har LOfav\u00f8r forhandlet frem medlemsfordeler p\u00e5 blant annet reiser, overnatting, leiebil, forn\u00f8yelsesparker og festivaler. Med 1 million medlemmer f\u00e5r vi gunstige og trygge avtaler for deg og familien.<\/p>\n\n\n\n<p><a href=\"https:\/\/www.lofavor.no\/ferie-og-opplevelser\">Les mer her<\/a><\/p>\n\n\n\n<h2 class=\"wp-block-heading\" id=\"h-pensjon\">Pensjon<\/h2>\n\n\n\n<p>Pensjon kan virke komplisert. Det er mye \u00e5 holde styr p\u00e5, reglene endrer seg stadig \u2013 og valgene du tar f\u00e5r konsekvenser for resten av livet. Derfor tilbyr vi i Styrke to solide pensjonstilbud til deg som medlem, levert av de uavhengige ekspertene i <strong>Tredjepart AS<\/strong>:<\/p>\n\n\n\n<ul class=\"wp-block-list\">\n<li><strong>Pensjonstelefonen <\/strong>\u2013 et lavterskel og gratis tilbud for alle medlemmer, uansett alder<\/li>\n\n\n\n<li><strong>Pensjonsr\u00e5dgivning<\/strong> \u2013 en grundig, individuell gjennomgang for deg som fyller 57 \u00e5r eller mer i \u00e5r<\/li>\n<\/ul>\n\n\n\n<p>M\u00e5let er \u00e5 gj\u00f8re det enklere \u00e5 forst\u00e5 hva du har i vente, hvilke valg du har, og n\u00e5r det kan l\u00f8nne seg \u00e5 ta dem.<\/p>\n\n\n\n<h3 class=\"wp-block-heading\" id=\"h-pensjonstelefonen-for-alle-medlemmer\"><strong>Pensjonstelefonen \u2013 for alle medlemmer<\/strong><\/h3>\n\n\n\n<p>Lurer du p\u00e5 noe om pensjon? Ring v\u00e5r gratis pensjonstelefon \u2013 et lavterskeltilbud for alle medlemmer, uansett alder. Her f\u00e5r du snakke med eksperter som svarer p\u00e5 alt fra det grunnleggende til mer komplekse sp\u00f8rsm\u00e5l.<\/p>\n\n\n\n<p><strong>Eksempler p\u00e5 sp\u00f8rsm\u00e5l du kan f\u00e5 hjelp til:<\/strong><\/p>\n\n\n\n<ul class=\"wp-block-list\">\n<li>Hva best\u00e5r pensjonen min av?<\/li>\n\n\n\n<li>Hvordan fungerer AFP?<\/li>\n\n\n\n<li>B\u00f8r jeg spare ekstra, og hvordan?<\/li>\n\n\n\n<li>Hva er IPS?<\/li>\n\n\n\n<li>Hva b\u00f8r jeg tenke p\u00e5 n\u00e5?<\/li>\n<\/ul>\n\n\n\n<p>Ingen sp\u00f8rsm\u00e5l er dumme \u2013 det viktigste er \u00e5 komme i gang!<\/p>\n\n\n\n<div class=\"wp-block-dekode-factbox factbox\" style=\"margin-top:var(--wp--preset--spacing--normal);margin-bottom:var(--wp--preset--spacing--normal)\"><div class=\"factbox__inner\"><h3 class=\"factbox__title\">Pensjonstelefonen<\/h3><div class=\"factbox__content\">\n<p class=\"is-style-ingress has-normal-font-size\">Telefon: 21 95 42 40<br>Tid: Hver torsdag kl. 08:30\u201316:00<br>Ha medlemsnummeret klart f\u00f8r du ringer<br>Inntil 15 minutter per samtale<\/p>\n<\/div><\/div><\/div>\n\n\n\n<p><\/p>\n\n\n\n<h3 class=\"wp-block-heading\" id=\"h-pensjonsradgivning-for-deg-som-fyller-57-ar-eller-mer-i-ar\"><strong>Pensjonsr\u00e5dgivning<\/strong> <strong>\u2013 for deg som fyller 57 \u00e5r eller mer i \u00e5r<\/strong><\/h3>\n\n\n\n<p>Skal du snart pensjonere deg? Da kan du f\u00e5 en grundig, skriftlig gjennomgang av pensjonsmulighetene dine \u2013 inkludert AFP, folketrygd og tjenestepensjon.<\/p>\n\n\n\n<p><strong>Gjelder for deg som:<\/strong><\/p>\n\n\n\n<ul class=\"wp-block-list\">\n<li>Fyller 57 \u00e5r eller mer i \u00e5r<\/li>\n\n\n\n<li>Ikke har startet uttak av AFP eller alderspensjon<\/li>\n\n\n\n<li>Ikke har brukt tilbudet tidligere<\/li>\n<\/ul>\n\n\n\n<p><strong>Du f\u00e5r:<\/strong><\/p>\n\n\n\n<ul class=\"wp-block-list\">\n<li>En full oversikt over hva du kan f\u00e5 i pensjon \u2013 b\u00e5de f\u00f8r og etter 67 \u00e5r<\/li>\n\n\n\n<li>Vurdering av konsekvenser ved \u00e5 fratre tidlig, eller kombinere jobb og pensjon<\/li>\n\n\n\n<li>R\u00e5d tilpasset din situasjon \u2013 konfidensielt og uten bindinger<\/li>\n<\/ul>\n\n\n\n<p><strong>Egenandel: Kun 500 kroner \u2013 resten dekkes av forbundet<\/strong><\/p>\n\n\n\n<div class=\"wp-block-dekode-factbox factbox\"><div class=\"factbox__inner\"><h3 class=\"factbox__title\">Pensjonsr\u00e5dgiving<\/h3><div class=\"factbox__content\">\n<p>Send e-post til:\u202fmedlemsservice@tredjepart.no<br>Emnefelt: Jeg \u00f8nsker pensjonsr\u00e5dgivning<br>Husk \u00e5 oppgi medlemsnummer og telefonnummer.<\/p>\n<\/div><\/div><\/div>\n\n\n\n<h2 class=\"wp-block-heading\" id=\"utdanning\">Utdanning<\/h2>\n\n\n\n<p><strong>S\u00f8k om stipend til videreutdanning og kurs<\/strong><\/p>\n\n\n\n<ul class=\"wp-block-list\">\n<li>Hel\u00e5rsstudie (p\u00e5 hel- eller deltid), inntil 13 500 kroner i \u00e5ret (fleksibel frist).<\/li>\n\n\n\n<li>Praksiskandidater som tar fagbrev p\u00e5 grunnlag av arbeidserfaring: inntil 10 500 kroner i \u00e5ret.<\/li>\n\n\n\n<li>Kortere kurs (minimum fire dager): inntil 4000 kroner.<\/li>\n<\/ul>\n\n\n\n<p><a href=\"https:\/\/styrke.no\/fa-et-fortrinn-med-mer-utdanning\/\">Ler mer om stipend til videreutdanning og kurs her<\/a><\/p>\n\n\n\n<p><\/p>\n\n\n\n<div class=\"wp-block-dekode-resources  has-title has-type\"><h3 class=\"title\">Dokument for nedlastning<\/h3><div class=\"t2-featured-content-layout alignwide wp-block-t2-featured-content-layout\">\n<div class=\"t2-featured-single-post t2-featured-content is-post-type-resource wp-block-t2-featured-single-post t2-featured-content-layout-col-6\"><a class=\"dekode-post-link file-download wp-block-dekode-post-link\" href=\"https:\/\/styrke.no\/content\/uploads\/sites\/27\/2025\/07\/Brosjyre-medlemsavtale-2025-Styrke-HEFTE-trykk.pdf\" download>\n<div class=\"dekode-post-meta-text wp-block-dekode-post-meta-text\"><span class=\"file-title\">Tredjepart AS &#8211; Pensjon<\/span><\/div>\n<div class=\"dekode-post-meta-text wp-block-dekode-post-meta-text\"><span class=\"file-type\">(FILE)<\/span><\/div>\n<div class=\"dekode-post-meta-text wp-block-dekode-post-meta-text\"><span class=\"file-size\">324.00 B<\/span><\/div>\n<div class=\"dekode-post-meta-text wp-block-dekode-post-meta-text\"><span class=\"file-name\">Brosjyre-medlemsavtale-2025-Styrke-HEFTE-trykk<\/span><\/div>\n<\/a>\n<\/div>\n<\/div><\/div>\n\n\n\n<p><\/p>\n","protected":false},"excerpt":{"rendered":"<p>Forsikringer V\u00e5re medlemmer har en rekke gunstige forsikringer inkludert i medlemskapet I tillegg til forsikringene som er inkludert i medlemskapet, \u2026 <\/p>\n","protected":false},"author":129,"featured_media":0,"parent":0,"menu_order":0,"comment_status":"closed","ping_status":"closed","template":"","meta":{"_acf_changed":false,"teft_cards_image_id":0,"teft_cards_image_focal_point_x":0,"teft_cards_image_focal_point_y":0,"teft_cards_title":"","teft_cards_excerpt":"","footnotes":""},"news-tag":[],"class_list":["post-132","page","type-page","status-publish","hentry"],"yoast_head":"<!-- This site is optimized with the Yoast SEO Premium plugin v22.4 (Yoast SEO v23.0) - https:\/\/yoast.com\/wordpress\/plugins\/seo\/ -->\n<title>Medlemsfordeler - Shelf Drilling Ansattes Forening<\/title>\n<meta name=\"robots\" content=\"index, follow, max-snippet:-1, max-image-preview:large, max-video-preview:-1\" \/>\n<link rel=\"canonical\" href=\"https:\/\/styrke.no\/sdaf\/medlemsfordeler\/\" \/>\n<meta property=\"og:locale\" content=\"en_US\" \/>\n<meta property=\"og:type\" content=\"article\" \/>\n<meta property=\"og:title\" content=\"Medlemsfordeler\" \/>\n<meta property=\"og:description\" content=\"Forsikringer V\u00e5re medlemmer har en rekke gunstige forsikringer inkludert i medlemskapet I tillegg til forsikringene som er inkludert i medlemskapet, \u2026\" \/>\n<meta property=\"og:url\" content=\"https:\/\/styrke.no\/sdaf\/medlemsfordeler\/\" \/>\n<meta property=\"og:site_name\" content=\"Shelf Drilling Ansattes Forening\" \/>\n<meta property=\"article:modified_time\" content=\"2025-07-09T13:13:14+00:00\" \/>\n<meta name=\"twitter:card\" content=\"summary_large_image\" \/>\n<meta name=\"twitter:label1\" content=\"Est. reading time\" \/>\n\t<meta name=\"twitter:data1\" content=\"3 minutes\" \/>\n<script type=\"application\/ld+json\" class=\"yoast-schema-graph\">{\"@context\":\"https:\/\/schema.org\",\"@graph\":[{\"@type\":\"WebPage\",\"@id\":\"https:\/\/styrke.no\/sdaf\/medlemsfordeler\/\",\"url\":\"https:\/\/styrke.no\/sdaf\/medlemsfordeler\/\",\"name\":\"Medlemsfordeler - Shelf Drilling Ansattes Forening\",\"isPartOf\":{\"@id\":\"https:\/\/styrke.no\/sdaf\/#website\"},\"datePublished\":\"2021-11-15T10:01:45+00:00\",\"dateModified\":\"2025-07-09T13:13:14+00:00\",\"breadcrumb\":{\"@id\":\"https:\/\/styrke.no\/sdaf\/medlemsfordeler\/#breadcrumb\"},\"inLanguage\":\"en-US\",\"potentialAction\":[{\"@type\":\"ReadAction\",\"target\":[\"https:\/\/styrke.no\/sdaf\/medlemsfordeler\/\"]}]},{\"@type\":\"BreadcrumbList\",\"@id\":\"https:\/\/styrke.no\/sdaf\/medlemsfordeler\/#breadcrumb\",\"itemListElement\":[{\"@type\":\"ListItem\",\"position\":1,\"name\":\"Hjem\",\"item\":\"https:\/\/styrke.no\/sdaf\/\"},{\"@type\":\"ListItem\",\"position\":2,\"name\":\"Medlemsfordeler\"}]},{\"@type\":\"WebSite\",\"@id\":\"https:\/\/styrke.no\/sdaf\/#website\",\"url\":\"https:\/\/styrke.no\/sdaf\/\",\"name\":\"Shelf Drilling Ansattes Forening\",\"description\":\"Enda et Styrke subsite-nettsted\",\"publisher\":{\"@id\":\"https:\/\/styrke.no\/sdaf\/#organization\"},\"potentialAction\":[{\"@type\":\"SearchAction\",\"target\":{\"@type\":\"EntryPoint\",\"urlTemplate\":\"https:\/\/styrke.no\/sdaf\/?s={search_term_string}\"},\"query-input\":\"required name=search_term_string\"}],\"inLanguage\":\"en-US\"},{\"@type\":\"Organization\",\"@id\":\"https:\/\/styrke.no\/sdaf\/#organization\",\"name\":\"Shelf Drilling Ansattes Forening\",\"url\":\"https:\/\/styrke.no\/sdaf\/\",\"logo\":{\"@type\":\"ImageObject\",\"inLanguage\":\"en-US\",\"@id\":\"https:\/\/styrke.no\/sdaf\/#\/schema\/logo\/image\/\",\"url\":\"https:\/\/styrke.no\/content\/uploads\/sites\/27\/2024\/10\/Isolation_Mode.svg\",\"contentUrl\":\"https:\/\/styrke.no\/content\/uploads\/sites\/27\/2024\/10\/Isolation_Mode.svg\",\"width\":185,\"height\":54,\"caption\":\"Shelf Drilling Ansattes Forening\"},\"image\":{\"@id\":\"https:\/\/styrke.no\/sdaf\/#\/schema\/logo\/image\/\"}}]}<\/script>\n<!-- \/ Yoast SEO Premium plugin. -->","yoast_head_json":{"title":"Medlemsfordeler - Shelf Drilling Ansattes Forening","robots":{"index":"index","follow":"follow","max-snippet":"max-snippet:-1","max-image-preview":"max-image-preview:large","max-video-preview":"max-video-preview:-1"},"canonical":"https:\/\/styrke.no\/sdaf\/medlemsfordeler\/","og_locale":"en_US","og_type":"article","og_title":"Medlemsfordeler","og_description":"Forsikringer V\u00e5re medlemmer har en rekke gunstige forsikringer inkludert i medlemskapet I tillegg til forsikringene som er inkludert i medlemskapet, \u2026","og_url":"https:\/\/styrke.no\/sdaf\/medlemsfordeler\/","og_site_name":"Shelf Drilling Ansattes Forening","article_modified_time":"2025-07-09T13:13:14+00:00","twitter_card":"summary_large_image","twitter_misc":{"Est. reading time":"3 minutes"},"schema":{"@context":"https:\/\/schema.org","@graph":[{"@type":"WebPage","@id":"https:\/\/styrke.no\/sdaf\/medlemsfordeler\/","url":"https:\/\/styrke.no\/sdaf\/medlemsfordeler\/","name":"Medlemsfordeler - Shelf Drilling Ansattes Forening","isPartOf":{"@id":"https:\/\/styrke.no\/sdaf\/#website"},"datePublished":"2021-11-15T10:01:45+00:00","dateModified":"2025-07-09T13:13:14+00:00","breadcrumb":{"@id":"https:\/\/styrke.no\/sdaf\/medlemsfordeler\/#breadcrumb"},"inLanguage":"en-US","potentialAction":[{"@type":"ReadAction","target":["https:\/\/styrke.no\/sdaf\/medlemsfordeler\/"]}]},{"@type":"BreadcrumbList","@id":"https:\/\/styrke.no\/sdaf\/medlemsfordeler\/#breadcrumb","itemListElement":[{"@type":"ListItem","position":1,"name":"Hjem","item":"https:\/\/styrke.no\/sdaf\/"},{"@type":"ListItem","position":2,"name":"Medlemsfordeler"}]},{"@type":"WebSite","@id":"https:\/\/styrke.no\/sdaf\/#website","url":"https:\/\/styrke.no\/sdaf\/","name":"Shelf Drilling Ansattes Forening","description":"Enda et Styrke subsite-nettsted","publisher":{"@id":"https:\/\/styrke.no\/sdaf\/#organization"},"potentialAction":[{"@type":"SearchAction","target":{"@type":"EntryPoint","urlTemplate":"https:\/\/styrke.no\/sdaf\/?s={search_term_string}"},"query-input":"required name=search_term_string"}],"inLanguage":"en-US"},{"@type":"Organization","@id":"https:\/\/styrke.no\/sdaf\/#organization","name":"Shelf Drilling Ansattes Forening","url":"https:\/\/styrke.no\/sdaf\/","logo":{"@type":"ImageObject","inLanguage":"en-US","@id":"https:\/\/styrke.no\/sdaf\/#\/schema\/logo\/image\/","url":"https:\/\/styrke.no\/content\/uploads\/sites\/27\/2024\/10\/Isolation_Mode.svg","contentUrl":"https:\/\/styrke.no\/content\/uploads\/sites\/27\/2024\/10\/Isolation_Mode.svg","width":185,"height":54,"caption":"Shelf Drilling Ansattes Forening"},"image":{"@id":"https:\/\/styrke.no\/sdaf\/#\/schema\/logo\/image\/"}}]}},"acf":[],"_links":{"self":[{"href":"https:\/\/styrke.no\/sdaf\/wp-json\/wp\/v2\/pages\/132"}],"collection":[{"href":"https:\/\/styrke.no\/sdaf\/wp-json\/wp\/v2\/pages"}],"about":[{"href":"https:\/\/styrke.no\/sdaf\/wp-json\/wp\/v2\/types\/page"}],"author":[{"embeddable":true,"href":"https:\/\/styrke.no\/sdaf\/wp-json\/wp\/v2\/users\/129"}],"replies":[{"embeddable":true,"href":"https:\/\/styrke.no\/sdaf\/wp-json\/wp\/v2\/comments?post=132"}],"version-history":[{"count":19,"href":"https:\/\/styrke.no\/sdaf\/wp-json\/wp\/v2\/pages\/132\/revisions"}],"predecessor-version":[{"id":378,"href":"https:\/\/styrke.no\/sdaf\/wp-json\/wp\/v2\/pages\/132\/revisions\/378"}],"wp:attachment":[{"href":"https:\/\/styrke.no\/sdaf\/wp-json\/wp\/v2\/media?parent=132"}],"wp:term":[{"taxonomy":"news-tag","embeddable":true,"href":"https:\/\/styrke.no\/sdaf\/wp-json\/wp\/v2\/news-tag?post=132"}],"curies":[{"name":"wp","href":"https:\/\/api.w.org\/{rel}","templated":true}]}}