{"id":307,"date":"2026-03-05T08:42:43","date_gmt":"2026-03-05T07:42:43","guid":{"rendered":"https:\/\/styrke.no\/svenssonstiftelsen\/?page_id=307"},"modified":"2026-03-05T09:48:41","modified_gmt":"2026-03-05T08:48:41","slug":"om-prisen","status":"publish","type":"page","link":"https:\/\/styrke.no\/svenssonprisen\/om-prisen\/","title":{"rendered":"Om prisen"},"content":{"rendered":"\n<h1 class=\"wp-block-heading has-text-align-center\" id=\"h-om-prisen\">Om prisen<\/h1>\n\n\n\n<p><\/p>\n\n\n\n<div style=\"text-align:center;\">\n<figure class=\"wp-block-embed aligncenter is-type-video is-provider-youtube wp-block-embed-youtube wp-embed-aspect-16-9 wp-has-aspect-ratio\"><div class=\"wp-block-embed__wrapper\">\n<iframe loading=\"lazy\" title=\"About &quot;Arthur Svensson International Prize for Trade Union Rights&quot; 2022 (English)\" width=\"500\" height=\"281\" src=\"https:\/\/www.youtube.com\/embed\/yxUs2GCS4Ic?feature=oembed\" frameborder=\"0\" allow=\"accelerometer; autoplay; clipboard-write; encrypted-media; gyroscope; picture-in-picture; web-share\" referrerpolicy=\"strict-origin-when-cross-origin\" allowfullscreen><\/iframe>\n<\/figure><\/div>\n\n\n\n<p><\/p>\n\n\n\n<p><strong>Statutter<\/strong><br>Prisen er en internasjonal pris opprettet av Forbundet Styrke. Den deles ut \u00e5rlig av \u00abKomiteen for Arthur Svenssons Internasjonale Pris for Faglige Rettigheter\u00bb etter retningslinjer fastsatt i f\u00f8lgende statutter. Statuttene kan endres av Landsstyret i Styrke med 2\/3 flertall.\u200b<\/p>\n\n\n\n<p><strong>Bel\u00f8p<\/strong><br>Prisen er p\u00e5 NOK 500.000. Halvparten g\u00e5r direkte til prisvinner og et tilsvarende bel\u00f8p settes av til oppf\u00f8lgingsarbeid knyttet til prisvinneren eller n\u00e6rliggende prosjekter. Pengene tas fra forbundets internasjonale solidaritetsfond. Bel\u00f8pet kan justeres av Forbundsstyret i forbindelse med behandling av forbundets budsjett.\u200b<\/p>\n\n\n\n<p><strong>Form\u00e5l<\/strong><br>Hovedform\u00e5let er \u00e5 fremme arbeidet for \u00e5 styrke fagforeningsarbeid og faglige rettigheter internasjonalt.\u200b<\/p>\n\n\n\n<p><strong>Hvem kan f\u00e5 prisen?<\/strong><br>Prisen tildeles en person eller organisasjon som i s\u00e6rlig grad har virket for \u00e5 fremme faglige rettigheter og\/eller styrke fagorganisering i verden.\u200b<\/p>\n\n\n\n<p>Se ogs\u00e5\u00a0<a href=\"https:\/\/styrke.no\/svenssonstiftelsen\/prisvinnere\/\" target=\"_blank\" rel=\"noreferrer noopener\">oversikten over tidligere vinnere<\/a>.\u00a0<\/p>\n\n\n\n<p>\u200b<strong>Hvem kan foresl\u00e5 kandidater?\u00a0<\/strong><br>F\u00f8lgende kan fremme forslag om kandidater til prisen:<\/p>\n\n\n\n<ul class=\"wp-block-list\">\n<li>Tillitsvalgte og ansatte i norske fagforbund<\/li>\n\n\n\n<li>Tillitsvalgte og ansatte i fagforbund i verden for\u00f8vrig tilknyttet hovedorganisasjoner som er tilsluttet International Trade Union Congress (ITUC) eller som er tilsluttet en av de globale fagorganisasjonene (Global Unions)<\/li>\n\n\n\n<li>Personer som har f\u00e5tt prisen tidligere<\/li>\n\n\n\n<li>Styremedlemmer i organisasjoner som har f\u00e5tt prisen tidligere<\/li>\n<\/ul>\n\n\n\n<p>\u200b<strong>Priskomiteen<\/strong><br>Komiteen er bredt sammensatt av 7 personer fra norsk fagbevegelse og blir oppnevnt av Landsstyret i Styrke for fire \u00e5r om gangen.\u00a0<\/p>\n\n\n\n<p><a href=\"https:\/\/styrke.no\/svenssonstiftelsen\/priskomiteen\/\" target=\"_blank\" rel=\"noreferrer noopener\">Se hvem som sitter i komiteen.<\/a><\/p>\n\n\n\n<p>\u200bStyrkes forbundsstyre har fullmakt til \u00e5 vedta supplering hvis n\u00f8dvendig.<\/p>\n\n\n\n<p><br>Sekretariatet ligger i Styrke.<\/p>\n\n\n\n<p>\u200b<strong>Prisutdeling<\/strong><br>Prisen deles ut p\u00e5 eget arrangement i midten av juni hvert \u00e5r.<\/p>\n\n\n\n<p>\u200b<strong>Om Arthur Svensson<\/strong><\/p>\n\n\n\n<p>\u200bPrisen er oppkalt etter Arthur Svensson (1930-2008).<\/p>\n\n\n\n<p>Arthur Svensson var en av norsk fagbevegelses mest markante tillitsvalgte og har satt dype spor i norsk samfunnsliv ved \u00e5 skape bedre vilk\u00e5r for arbeidsfolk i b\u00e5de inn- og utland.\u200b<\/p>\n\n\n\n<p>Arthur Svensson involverte seg sterkt p\u00e5 den internasjonale arenaen. Arthur \u2013 eller \u00abProfessor Arthur\u00bb som han ble kalt av Fathi Arafat, broren til Yassir Arafat \u2013 ble derfor et begrep som strekker seg langt utover fagbevegelsens rekker.\u200b<\/p>\n\n\n\n<p>Arthur Svensson kom fra fattige k\u00e5r. Han ble f\u00f8rst organisert i Kjemisk Forbund i 1955 som boltetrekker ved aluminiumsverket p\u00e5 Sunndals\u00f8ra. Arthur utmerket seg med tydelige meninger og fast opptreden, og fikk raskt en rekke andre verv. Han var leder av Kjemisk Forbund i 17 \u00e5r og medlem av LOs sekretariat.<\/p>\n\n\n\n<h3 class=\"wp-block-heading\" id=\"h-committee-secretary\">Committee secretary<\/h3>\n\n\n\n<p><strong>Amalie Hilde Tofte<\/strong> is secretary for the prize committee. She is international advisor in the union &#8220;Styrke&#8221;, responsible for the Arthur Svensson prize.\u00a0<\/p>\n\n\n\n<p><\/p>\n","protected":false},"excerpt":{"rendered":"<p>Om prisen StatutterPrisen er en internasjonal pris opprettet av Forbundet Styrke. Den deles ut \u00e5rlig av \u00abKomiteen for Arthur Svenssons \u2026 <\/p>\n","protected":false},"author":121,"featured_media":0,"parent":0,"menu_order":0,"comment_status":"closed","ping_status":"closed","template":"","meta":{"_acf_changed":false,"teft_cards_image_id":0,"teft_cards_image_focal_point_x":0,"teft_cards_image_focal_point_y":0,"teft_cards_title":"","teft_cards_excerpt":"","footnotes":""},"news-tag":[],"class_list":["post-307","page","type-page","status-publish","hentry"],"yoast_head":"<!-- This site is optimized with the Yoast SEO Premium plugin v22.4 (Yoast SEO v23.0) - https:\/\/yoast.com\/wordpress\/plugins\/seo\/ -->\n<title>Om prisen - Svenssonprisen<\/title>\n<meta name=\"robots\" content=\"index, follow, max-snippet:-1, max-image-preview:large, max-video-preview:-1\" \/>\n<link rel=\"canonical\" href=\"https:\/\/styrke.no\/svenssonprisen\/om-prisen\/\" \/>\n<meta property=\"og:locale\" content=\"nb_NO\" \/>\n<meta property=\"og:type\" content=\"article\" \/>\n<meta property=\"og:title\" content=\"Om prisen\" \/>\n<meta property=\"og:description\" content=\"Om prisen StatutterPrisen er en internasjonal pris opprettet av Forbundet Styrke. Den deles ut \u00e5rlig av \u00abKomiteen for Arthur Svenssons \u2026\" \/>\n<meta property=\"og:url\" content=\"https:\/\/styrke.no\/svenssonprisen\/om-prisen\/\" \/>\n<meta property=\"og:site_name\" content=\"Svenssonprisen\" \/>\n<meta property=\"article:modified_time\" content=\"2026-03-05T08:48:41+00:00\" \/>\n<meta name=\"twitter:card\" content=\"summary_large_image\" \/>\n<meta name=\"twitter:label1\" content=\"Ansl. lesetid\" \/>\n\t<meta name=\"twitter:data1\" content=\"3 minutter\" \/>\n<script type=\"application\/ld+json\" class=\"yoast-schema-graph\">{\"@context\":\"https:\/\/schema.org\",\"@graph\":[{\"@type\":\"WebPage\",\"@id\":\"https:\/\/styrke.no\/svenssonprisen\/om-prisen\/\",\"url\":\"https:\/\/styrke.no\/svenssonprisen\/om-prisen\/\",\"name\":\"Om prisen - Svenssonprisen\",\"isPartOf\":{\"@id\":\"https:\/\/styrke.no\/svenssonprisen\/#website\"},\"datePublished\":\"2026-03-05T07:42:43+00:00\",\"dateModified\":\"2026-03-05T08:48:41+00:00\",\"breadcrumb\":{\"@id\":\"https:\/\/styrke.no\/svenssonprisen\/om-prisen\/#breadcrumb\"},\"inLanguage\":\"nb-NO\",\"potentialAction\":[{\"@type\":\"ReadAction\",\"target\":[\"https:\/\/styrke.no\/svenssonprisen\/om-prisen\/\"]}]},{\"@type\":\"BreadcrumbList\",\"@id\":\"https:\/\/styrke.no\/svenssonprisen\/om-prisen\/#breadcrumb\",\"itemListElement\":[{\"@type\":\"ListItem\",\"position\":1,\"name\":\"Hjem\",\"item\":\"https:\/\/styrke.no\/svenssonprisen\/\"},{\"@type\":\"ListItem\",\"position\":2,\"name\":\"Om prisen\"}]},{\"@type\":\"WebSite\",\"@id\":\"https:\/\/styrke.no\/svenssonprisen\/#website\",\"url\":\"https:\/\/styrke.no\/svenssonprisen\/\",\"name\":\"Svenssonprisen\",\"description\":\"\",\"publisher\":{\"@id\":\"https:\/\/styrke.no\/svenssonprisen\/#organization\"},\"potentialAction\":[{\"@type\":\"SearchAction\",\"target\":{\"@type\":\"EntryPoint\",\"urlTemplate\":\"https:\/\/styrke.no\/svenssonprisen\/?s={search_term_string}\"},\"query-input\":\"required name=search_term_string\"}],\"inLanguage\":\"nb-NO\"},{\"@type\":\"Organization\",\"@id\":\"https:\/\/styrke.no\/svenssonprisen\/#organization\",\"name\":\"Svenssonprisen\",\"url\":\"https:\/\/styrke.no\/svenssonprisen\/\",\"logo\":{\"@type\":\"ImageObject\",\"inLanguage\":\"nb-NO\",\"@id\":\"https:\/\/styrke.no\/svenssonprisen\/#\/schema\/logo\/image\/\",\"url\":\"https:\/\/styrke.no\/content\/uploads\/sites\/36\/2026\/02\/as.png\",\"contentUrl\":\"https:\/\/styrke.no\/content\/uploads\/sites\/36\/2026\/02\/as.png\",\"width\":97,\"height\":112,\"caption\":\"Svenssonprisen\"},\"image\":{\"@id\":\"https:\/\/styrke.no\/svenssonprisen\/#\/schema\/logo\/image\/\"}}]}<\/script>\n<!-- \/ Yoast SEO Premium plugin. -->","yoast_head_json":{"title":"Om prisen - Svenssonprisen","robots":{"index":"index","follow":"follow","max-snippet":"max-snippet:-1","max-image-preview":"max-image-preview:large","max-video-preview":"max-video-preview:-1"},"canonical":"https:\/\/styrke.no\/svenssonprisen\/om-prisen\/","og_locale":"nb_NO","og_type":"article","og_title":"Om prisen","og_description":"Om prisen StatutterPrisen er en internasjonal pris opprettet av Forbundet Styrke. Den deles ut \u00e5rlig av \u00abKomiteen for Arthur Svenssons \u2026","og_url":"https:\/\/styrke.no\/svenssonprisen\/om-prisen\/","og_site_name":"Svenssonprisen","article_modified_time":"2026-03-05T08:48:41+00:00","twitter_card":"summary_large_image","twitter_misc":{"Ansl. lesetid":"3 minutter"},"schema":{"@context":"https:\/\/schema.org","@graph":[{"@type":"WebPage","@id":"https:\/\/styrke.no\/svenssonprisen\/om-prisen\/","url":"https:\/\/styrke.no\/svenssonprisen\/om-prisen\/","name":"Om prisen - Svenssonprisen","isPartOf":{"@id":"https:\/\/styrke.no\/svenssonprisen\/#website"},"datePublished":"2026-03-05T07:42:43+00:00","dateModified":"2026-03-05T08:48:41+00:00","breadcrumb":{"@id":"https:\/\/styrke.no\/svenssonprisen\/om-prisen\/#breadcrumb"},"inLanguage":"nb-NO","potentialAction":[{"@type":"ReadAction","target":["https:\/\/styrke.no\/svenssonprisen\/om-prisen\/"]}]},{"@type":"BreadcrumbList","@id":"https:\/\/styrke.no\/svenssonprisen\/om-prisen\/#breadcrumb","itemListElement":[{"@type":"ListItem","position":1,"name":"Hjem","item":"https:\/\/styrke.no\/svenssonprisen\/"},{"@type":"ListItem","position":2,"name":"Om prisen"}]},{"@type":"WebSite","@id":"https:\/\/styrke.no\/svenssonprisen\/#website","url":"https:\/\/styrke.no\/svenssonprisen\/","name":"Svenssonprisen","description":"","publisher":{"@id":"https:\/\/styrke.no\/svenssonprisen\/#organization"},"potentialAction":[{"@type":"SearchAction","target":{"@type":"EntryPoint","urlTemplate":"https:\/\/styrke.no\/svenssonprisen\/?s={search_term_string}"},"query-input":"required name=search_term_string"}],"inLanguage":"nb-NO"},{"@type":"Organization","@id":"https:\/\/styrke.no\/svenssonprisen\/#organization","name":"Svenssonprisen","url":"https:\/\/styrke.no\/svenssonprisen\/","logo":{"@type":"ImageObject","inLanguage":"nb-NO","@id":"https:\/\/styrke.no\/svenssonprisen\/#\/schema\/logo\/image\/","url":"https:\/\/styrke.no\/content\/uploads\/sites\/36\/2026\/02\/as.png","contentUrl":"https:\/\/styrke.no\/content\/uploads\/sites\/36\/2026\/02\/as.png","width":97,"height":112,"caption":"Svenssonprisen"},"image":{"@id":"https:\/\/styrke.no\/svenssonprisen\/#\/schema\/logo\/image\/"}}]}},"acf":[],"_links":{"self":[{"href":"https:\/\/styrke.no\/svenssonprisen\/wp-json\/wp\/v2\/pages\/307"}],"collection":[{"href":"https:\/\/styrke.no\/svenssonprisen\/wp-json\/wp\/v2\/pages"}],"about":[{"href":"https:\/\/styrke.no\/svenssonprisen\/wp-json\/wp\/v2\/types\/page"}],"author":[{"embeddable":true,"href":"https:\/\/styrke.no\/svenssonprisen\/wp-json\/wp\/v2\/users\/121"}],"replies":[{"embeddable":true,"href":"https:\/\/styrke.no\/svenssonprisen\/wp-json\/wp\/v2\/comments?post=307"}],"version-history":[{"count":9,"href":"https:\/\/styrke.no\/svenssonprisen\/wp-json\/wp\/v2\/pages\/307\/revisions"}],"predecessor-version":[{"id":332,"href":"https:\/\/styrke.no\/svenssonprisen\/wp-json\/wp\/v2\/pages\/307\/revisions\/332"}],"wp:attachment":[{"href":"https:\/\/styrke.no\/svenssonprisen\/wp-json\/wp\/v2\/media?parent=307"}],"wp:term":[{"taxonomy":"news-tag","embeddable":true,"href":"https:\/\/styrke.no\/svenssonprisen\/wp-json\/wp\/v2\/news-tag?post=307"}],"curies":[{"name":"wp","href":"https:\/\/api.w.org\/{rel}","templated":true}]}}

<h1 class="wp-block-heading has-text-align-center" id="h-om-prisen">Om prisen</h1>



<p></p>



<div style="text-align:center;">
<figure class="wp-block-embed aligncenter is-type-video is-provider-youtube wp-block-embed-youtube wp-embed-aspect-16-9 wp-has-aspect-ratio"><div class="wp-block-embed__wrapper">
<iframe loading="lazy" title="About &quot;Arthur Svensson International Prize for Trade Union Rights&quot; 2022 (English)" width="500" height="281" src="https://www.youtube.com/embed/yxUs2GCS4Ic?feature=oembed" frameborder="0" allow="accelerometer; autoplay; clipboard-write; encrypted-media; gyroscope; picture-in-picture; web-share" referrerpolicy="strict-origin-when-cross-origin" allowfullscreen></iframe>
</figure></div>



<p></p>



<p><strong>Statutter</strong><br>Prisen er en internasjonal pris opprettet av Forbundet Styrke. Den deles ut årlig av «Komiteen for Arthur Svenssons Internasjonale Pris for Faglige Rettigheter» etter retningslinjer fastsatt i følgende statutter. Statuttene kan endres av Landsstyret i Styrke med 2/3 flertall.​</p>



<p><strong>Beløp</strong><br>Prisen er på NOK 500.000. Halvparten går direkte til prisvinner og et tilsvarende beløp settes av til oppfølgingsarbeid knyttet til prisvinneren eller nærliggende prosjekter. Pengene tas fra forbundets internasjonale solidaritetsfond. Beløpet kan justeres av Forbundsstyret i forbindelse med behandling av forbundets budsjett.​</p>



<p><strong>Formål</strong><br>Hovedformålet er å fremme arbeidet for å styrke fagforeningsarbeid og faglige rettigheter internasjonalt.​</p>



<p><strong>Hvem kan få prisen?</strong><br>Prisen tildeles en person eller organisasjon som i særlig grad har virket for å fremme faglige rettigheter og/eller styrke fagorganisering i verden.​</p>



<p>Se også <a href="https://styrke.no/svenssonstiftelsen/prisvinnere/" target="_blank" rel="noreferrer noopener">oversikten over tidligere vinnere</a>. </p>



<p>​<strong>Hvem kan foreslå kandidater? </strong><br>Følgende kan fremme forslag om kandidater til prisen:</p>



<ul class="wp-block-list">
<li>Tillitsvalgte og ansatte i norske fagforbund</li>



<li>Tillitsvalgte og ansatte i fagforbund i verden forøvrig tilknyttet hovedorganisasjoner som er tilsluttet International Trade Union Congress (ITUC) eller som er tilsluttet en av de globale fagorganisasjonene (Global Unions)</li>



<li>Personer som har fått prisen tidligere</li>



<li>Styremedlemmer i organisasjoner som har fått prisen tidligere</li>
</ul>



<p>​<strong>Priskomiteen</strong><br>Komiteen er bredt sammensatt av 7 personer fra norsk fagbevegelse og blir oppnevnt av Landsstyret i Styrke for fire år om gangen. </p>



<p><a href="https://styrke.no/svenssonstiftelsen/priskomiteen/" target="_blank" rel="noreferrer noopener">Se hvem som sitter i komiteen.</a></p>



<p>​Styrkes forbundsstyre har fullmakt til å vedta supplering hvis nødvendig.</p>



<p><br>Sekretariatet ligger i Styrke.</p>



<p>​<strong>Prisutdeling</strong><br>Prisen deles ut på eget arrangement i midten av juni hvert år.</p>



<p>​<strong>Om Arthur Svensson</strong></p>



<p>​Prisen er oppkalt etter Arthur Svensson (1930-2008).</p>



<p>Arthur Svensson var en av norsk fagbevegelses mest markante tillitsvalgte og har satt dype spor i norsk samfunnsliv ved å skape bedre vilkår for arbeidsfolk i både inn- og utland.​</p>



<p>Arthur Svensson involverte seg sterkt på den internasjonale arenaen. Arthur – eller «Professor Arthur» som han ble kalt av Fathi Arafat, broren til Yassir Arafat – ble derfor et begrep som strekker seg langt utover fagbevegelsens rekker.​</p>



<p>Arthur Svensson kom fra fattige kår. Han ble først organisert i Kjemisk Forbund i 1955 som boltetrekker ved aluminiumsverket på Sunndalsøra. Arthur utmerket seg med tydelige meninger og fast opptreden, og fikk raskt en rekke andre verv. Han var leder av Kjemisk Forbund i 17 år og medlem av LOs sekretariat.</p>



<h3 class="wp-block-heading" id="h-committee-secretary">Committee secretary</h3>



<p><strong>Amalie Hilde Tofte</strong> is secretary for the prize committee. She is international advisor in the union &#8220;Styrke&#8221;, responsible for the Arthur Svensson prize. </p>



<p></p>

<p>Om prisen StatutterPrisen er en internasjonal pris opprettet av Forbundet Styrke. Den deles ut årlig av «Komiteen for Arthur Svenssons … </p>

<!-- This site is optimized with the Yoast SEO Premium plugin v22.4 (Yoast SEO v23.0) - https://yoast.com/wordpress/plugins/seo/ -->
<title>Om prisen - Svenssonprisen</title>
<meta name="robots" content="index, follow, max-snippet:-1, max-image-preview:large, max-video-preview:-1" />
<link rel="canonical" href="https://styrke.no/svenssonprisen/om-prisen/" />
<meta property="og:locale" content="nb_NO" />
<meta property="og:type" content="article" />
<meta property="og:title" content="Om prisen" />
<meta property="og:description" content="Om prisen StatutterPrisen er en internasjonal pris opprettet av Forbundet Styrke. Den deles ut årlig av «Komiteen for Arthur Svenssons …" />
<meta property="og:url" content="https://styrke.no/svenssonprisen/om-prisen/" />
<meta property="og:site_name" content="Svenssonprisen" />
<meta property="article:modified_time" content="2026-03-05T08:48:41+00:00" />
<meta name="twitter:card" content="summary_large_image" />
<meta name="twitter:label1" content="Ansl. lesetid" />
	<meta name="twitter:data1" content="3 minutter" />
<script type="application/ld+json" class="yoast-schema-graph">{"@context":"https://schema.org","@graph":[{"@type":"WebPage","@id":"https://styrke.no/svenssonprisen/om-prisen/","url":"https://styrke.no/svenssonprisen/om-prisen/","name":"Om prisen - Svenssonprisen","isPartOf":{"@id":"https://styrke.no/svenssonprisen/#website"},"datePublished":"2026-03-05T07:42:43+00:00","dateModified":"2026-03-05T08:48:41+00:00","breadcrumb":{"@id":"https://styrke.no/svenssonprisen/om-prisen/#breadcrumb"},"inLanguage":"nb-NO","potentialAction":[{"@type":"ReadAction","target":["https://styrke.no/svenssonprisen/om-prisen/"]}]},{"@type":"BreadcrumbList","@id":"https://styrke.no/svenssonprisen/om-prisen/#breadcrumb","itemListElement":[{"@type":"ListItem","position":1,"name":"Hjem","item":"https://styrke.no/svenssonprisen/"},{"@type":"ListItem","position":2,"name":"Om prisen"}]},{"@type":"WebSite","@id":"https://styrke.no/svenssonprisen/#website","url":"https://styrke.no/svenssonprisen/","name":"Svenssonprisen","description":"","publisher":{"@id":"https://styrke.no/svenssonprisen/#organization"},"potentialAction":[{"@type":"SearchAction","target":{"@type":"EntryPoint","urlTemplate":"https://styrke.no/svenssonprisen/?s={search_term_string}"},"query-input":"required name=search_term_string"}],"inLanguage":"nb-NO"},{"@type":"Organization","@id":"https://styrke.no/svenssonprisen/#organization","name":"Svenssonprisen","url":"https://styrke.no/svenssonprisen/","logo":{"@type":"ImageObject","inLanguage":"nb-NO","@id":"https://styrke.no/svenssonprisen/#/schema/logo/image/","url":"https://styrke.no/content/uploads/sites/36/2026/02/as.png","contentUrl":"https://styrke.no/content/uploads/sites/36/2026/02/as.png","width":97,"height":112,"caption":"Svenssonprisen"},"image":{"@id":"https://styrke.no/svenssonprisen/#/schema/logo/image/"}}]}</script>
<!-- / Yoast SEO Premium plugin. -->

Om prisen StatutterPrisen er en internasjonal pris opprettet av Forbundet Styrke. Den deles ut årlig av «Komiteen for Arthur Svenssons …
