{"id":327,"date":"2026-03-05T09:47:29","date_gmt":"2026-03-05T08:47:29","guid":{"rendered":"https:\/\/styrke.no\/svenssonstiftelsen\/?page_id=327"},"modified":"2026-03-05T09:47:31","modified_gmt":"2026-03-05T08:47:31","slug":"priskomiteen","status":"publish","type":"page","link":"https:\/\/styrke.no\/svenssonprisen\/priskomiteen\/","title":{"rendered":"Priskomiteen"},"content":{"rendered":"\n<p><\/p>\n\n\n\n<p><\/p>\n\n\n\n<div class=\"wp-block-group is-nowrap is-layout-flex wp-container-core-group-is-layout-1 wp-block-group-is-layout-flex\">\n<figure class=\"wp-block-image size-full is-resized\"><img loading=\"lazy\" decoding=\"async\" width=\"195\" height=\"154\" src=\"https:\/\/styrke.no\/content\/uploads\/sites\/36\/2026\/03\/FrodeAlfheim.png\" alt=\"\" class=\"wp-image-328\" style=\"width:199px;height:auto\"\/><\/figure>\n\n\n\n<p class=\"has-sm-font-size wp-container-content-1\"><strong>Frode Alfheim (komit\u00e9leder)<\/strong><br>Frode Alfheim er leder i Forbundet Styrke. Han var tidligere leder og nestleder i Industri Energi og har jobbet i LO-systemet siden 90-tallet. Alfheim har v\u00e6rt politisk r\u00e5dgiver i tre departementer og kommer opprinnelig fra D\u00f8nna i Nordland.<\/p>\n<\/div>\n\n\n\n<p><\/p>\n\n\n\n<div class=\"wp-block-group is-nowrap is-layout-flex wp-container-core-group-is-layout-2 wp-block-group-is-layout-flex\">\n<figure class=\"wp-block-image size-full is-resized\"><img loading=\"lazy\" decoding=\"async\" width=\"199\" height=\"178\" src=\"https:\/\/styrke.no\/content\/uploads\/sites\/36\/2026\/03\/Tor-ArneSolbakken.png\" alt=\"\" class=\"wp-image-329\" style=\"width:204px;height:auto\"\/><\/figure>\n\n\n\n<p class=\"has-sm-font-size\"><strong>Tor-Arne Solbakken<\/strong><br>Tor-Arne Solbakken har bakgrunn fra Forsvaret som sivilt ansatt og er utdannet som landbruksmekaniker. Solbakken var nestleder i Norsk Tjenestemannslag fra 1998 til 2005, han var LO-sekret\u00e6r fra 2005 til 2009 og nestleder i LO fra 2009 til 2017.<\/p>\n<\/div>\n\n\n\n<p><\/p>\n","protected":false},"excerpt":{"rendered":"<p>Frode Alfheim (komit\u00e9leder)Frode Alfheim er leder i Forbundet Styrke. Han var tidligere leder og nestleder i Industri Energi og har \u2026 <\/p>\n","protected":false},"author":121,"featured_media":0,"parent":0,"menu_order":0,"comment_status":"closed","ping_status":"closed","template":"","meta":{"_acf_changed":false,"teft_cards_image_id":0,"teft_cards_image_focal_point_x":0,"teft_cards_image_focal_point_y":0,"teft_cards_title":"","teft_cards_excerpt":"","footnotes":""},"news-tag":[],"class_list":["post-327","page","type-page","status-publish","hentry"],"yoast_head":"<!-- This site is optimized with the Yoast SEO Premium plugin v22.4 (Yoast SEO v23.0) - https:\/\/yoast.com\/wordpress\/plugins\/seo\/ -->\n<title>Priskomiteen - Svenssonprisen<\/title>\n<meta name=\"robots\" content=\"index, follow, max-snippet:-1, max-image-preview:large, max-video-preview:-1\" \/>\n<link rel=\"canonical\" href=\"https:\/\/styrke.no\/svenssonprisen\/priskomiteen\/\" \/>\n<meta property=\"og:locale\" content=\"nb_NO\" \/>\n<meta property=\"og:type\" content=\"article\" \/>\n<meta property=\"og:title\" content=\"Priskomiteen\" \/>\n<meta property=\"og:description\" content=\"Frode Alfheim (komit\u00e9leder)Frode Alfheim er leder i Forbundet Styrke. Han var tidligere leder og nestleder i Industri Energi og har \u2026\" \/>\n<meta property=\"og:url\" content=\"https:\/\/styrke.no\/svenssonprisen\/priskomiteen\/\" \/>\n<meta property=\"og:site_name\" content=\"Svenssonprisen\" \/>\n<meta property=\"article:modified_time\" content=\"2026-03-05T08:47:31+00:00\" \/>\n<meta property=\"og:image\" content=\"https:\/\/styrke.no\/content\/uploads\/sites\/36\/2026\/03\/FrodeAlfheim.png\" \/>\n<meta name=\"twitter:card\" content=\"summary_large_image\" \/>\n<meta name=\"twitter:label1\" content=\"Ansl. lesetid\" \/>\n\t<meta name=\"twitter:data1\" content=\"1 minutt\" \/>\n<script type=\"application\/ld+json\" class=\"yoast-schema-graph\">{\"@context\":\"https:\/\/schema.org\",\"@graph\":[{\"@type\":\"WebPage\",\"@id\":\"https:\/\/styrke.no\/svenssonprisen\/priskomiteen\/\",\"url\":\"https:\/\/styrke.no\/svenssonprisen\/priskomiteen\/\",\"name\":\"Priskomiteen - Svenssonprisen\",\"isPartOf\":{\"@id\":\"https:\/\/styrke.no\/svenssonprisen\/#website\"},\"primaryImageOfPage\":{\"@id\":\"https:\/\/styrke.no\/svenssonprisen\/priskomiteen\/#primaryimage\"},\"image\":{\"@id\":\"https:\/\/styrke.no\/svenssonprisen\/priskomiteen\/#primaryimage\"},\"thumbnailUrl\":\"https:\/\/styrke.no\/content\/uploads\/sites\/36\/2026\/03\/FrodeAlfheim.png\",\"datePublished\":\"2026-03-05T08:47:29+00:00\",\"dateModified\":\"2026-03-05T08:47:31+00:00\",\"breadcrumb\":{\"@id\":\"https:\/\/styrke.no\/svenssonprisen\/priskomiteen\/#breadcrumb\"},\"inLanguage\":\"nb-NO\",\"potentialAction\":[{\"@type\":\"ReadAction\",\"target\":[\"https:\/\/styrke.no\/svenssonprisen\/priskomiteen\/\"]}]},{\"@type\":\"ImageObject\",\"inLanguage\":\"nb-NO\",\"@id\":\"https:\/\/styrke.no\/svenssonprisen\/priskomiteen\/#primaryimage\",\"url\":\"https:\/\/styrke.no\/content\/uploads\/sites\/36\/2026\/03\/FrodeAlfheim.png\",\"contentUrl\":\"https:\/\/styrke.no\/content\/uploads\/sites\/36\/2026\/03\/FrodeAlfheim.png\"},{\"@type\":\"BreadcrumbList\",\"@id\":\"https:\/\/styrke.no\/svenssonprisen\/priskomiteen\/#breadcrumb\",\"itemListElement\":[{\"@type\":\"ListItem\",\"position\":1,\"name\":\"Hjem\",\"item\":\"https:\/\/styrke.no\/svenssonprisen\/\"},{\"@type\":\"ListItem\",\"position\":2,\"name\":\"Priskomiteen\"}]},{\"@type\":\"WebSite\",\"@id\":\"https:\/\/styrke.no\/svenssonprisen\/#website\",\"url\":\"https:\/\/styrke.no\/svenssonprisen\/\",\"name\":\"Svenssonprisen\",\"description\":\"\",\"publisher\":{\"@id\":\"https:\/\/styrke.no\/svenssonprisen\/#organization\"},\"potentialAction\":[{\"@type\":\"SearchAction\",\"target\":{\"@type\":\"EntryPoint\",\"urlTemplate\":\"https:\/\/styrke.no\/svenssonprisen\/?s={search_term_string}\"},\"query-input\":\"required name=search_term_string\"}],\"inLanguage\":\"nb-NO\"},{\"@type\":\"Organization\",\"@id\":\"https:\/\/styrke.no\/svenssonprisen\/#organization\",\"name\":\"Svenssonprisen\",\"url\":\"https:\/\/styrke.no\/svenssonprisen\/\",\"logo\":{\"@type\":\"ImageObject\",\"inLanguage\":\"nb-NO\",\"@id\":\"https:\/\/styrke.no\/svenssonprisen\/#\/schema\/logo\/image\/\",\"url\":\"https:\/\/styrke.no\/content\/uploads\/sites\/36\/2026\/02\/as.png\",\"contentUrl\":\"https:\/\/styrke.no\/content\/uploads\/sites\/36\/2026\/02\/as.png\",\"width\":97,\"height\":112,\"caption\":\"Svenssonprisen\"},\"image\":{\"@id\":\"https:\/\/styrke.no\/svenssonprisen\/#\/schema\/logo\/image\/\"}}]}<\/script>\n<!-- \/ Yoast SEO Premium plugin. -->","yoast_head_json":{"title":"Priskomiteen - Svenssonprisen","robots":{"index":"index","follow":"follow","max-snippet":"max-snippet:-1","max-image-preview":"max-image-preview:large","max-video-preview":"max-video-preview:-1"},"canonical":"https:\/\/styrke.no\/svenssonprisen\/priskomiteen\/","og_locale":"nb_NO","og_type":"article","og_title":"Priskomiteen","og_description":"Frode Alfheim (komit\u00e9leder)Frode Alfheim er leder i Forbundet Styrke. Han var tidligere leder og nestleder i Industri Energi og har \u2026","og_url":"https:\/\/styrke.no\/svenssonprisen\/priskomiteen\/","og_site_name":"Svenssonprisen","article_modified_time":"2026-03-05T08:47:31+00:00","og_image":[{"url":"https:\/\/styrke.no\/content\/uploads\/sites\/36\/2026\/03\/FrodeAlfheim.png"}],"twitter_card":"summary_large_image","twitter_misc":{"Ansl. lesetid":"1 minutt"},"schema":{"@context":"https:\/\/schema.org","@graph":[{"@type":"WebPage","@id":"https:\/\/styrke.no\/svenssonprisen\/priskomiteen\/","url":"https:\/\/styrke.no\/svenssonprisen\/priskomiteen\/","name":"Priskomiteen - Svenssonprisen","isPartOf":{"@id":"https:\/\/styrke.no\/svenssonprisen\/#website"},"primaryImageOfPage":{"@id":"https:\/\/styrke.no\/svenssonprisen\/priskomiteen\/#primaryimage"},"image":{"@id":"https:\/\/styrke.no\/svenssonprisen\/priskomiteen\/#primaryimage"},"thumbnailUrl":"https:\/\/styrke.no\/content\/uploads\/sites\/36\/2026\/03\/FrodeAlfheim.png","datePublished":"2026-03-05T08:47:29+00:00","dateModified":"2026-03-05T08:47:31+00:00","breadcrumb":{"@id":"https:\/\/styrke.no\/svenssonprisen\/priskomiteen\/#breadcrumb"},"inLanguage":"nb-NO","potentialAction":[{"@type":"ReadAction","target":["https:\/\/styrke.no\/svenssonprisen\/priskomiteen\/"]}]},{"@type":"ImageObject","inLanguage":"nb-NO","@id":"https:\/\/styrke.no\/svenssonprisen\/priskomiteen\/#primaryimage","url":"https:\/\/styrke.no\/content\/uploads\/sites\/36\/2026\/03\/FrodeAlfheim.png","contentUrl":"https:\/\/styrke.no\/content\/uploads\/sites\/36\/2026\/03\/FrodeAlfheim.png"},{"@type":"BreadcrumbList","@id":"https:\/\/styrke.no\/svenssonprisen\/priskomiteen\/#breadcrumb","itemListElement":[{"@type":"ListItem","position":1,"name":"Hjem","item":"https:\/\/styrke.no\/svenssonprisen\/"},{"@type":"ListItem","position":2,"name":"Priskomiteen"}]},{"@type":"WebSite","@id":"https:\/\/styrke.no\/svenssonprisen\/#website","url":"https:\/\/styrke.no\/svenssonprisen\/","name":"Svenssonprisen","description":"","publisher":{"@id":"https:\/\/styrke.no\/svenssonprisen\/#organization"},"potentialAction":[{"@type":"SearchAction","target":{"@type":"EntryPoint","urlTemplate":"https:\/\/styrke.no\/svenssonprisen\/?s={search_term_string}"},"query-input":"required name=search_term_string"}],"inLanguage":"nb-NO"},{"@type":"Organization","@id":"https:\/\/styrke.no\/svenssonprisen\/#organization","name":"Svenssonprisen","url":"https:\/\/styrke.no\/svenssonprisen\/","logo":{"@type":"ImageObject","inLanguage":"nb-NO","@id":"https:\/\/styrke.no\/svenssonprisen\/#\/schema\/logo\/image\/","url":"https:\/\/styrke.no\/content\/uploads\/sites\/36\/2026\/02\/as.png","contentUrl":"https:\/\/styrke.no\/content\/uploads\/sites\/36\/2026\/02\/as.png","width":97,"height":112,"caption":"Svenssonprisen"},"image":{"@id":"https:\/\/styrke.no\/svenssonprisen\/#\/schema\/logo\/image\/"}}]}},"acf":[],"_links":{"self":[{"href":"https:\/\/styrke.no\/svenssonprisen\/wp-json\/wp\/v2\/pages\/327"}],"collection":[{"href":"https:\/\/styrke.no\/svenssonprisen\/wp-json\/wp\/v2\/pages"}],"about":[{"href":"https:\/\/styrke.no\/svenssonprisen\/wp-json\/wp\/v2\/types\/page"}],"author":[{"embeddable":true,"href":"https:\/\/styrke.no\/svenssonprisen\/wp-json\/wp\/v2\/users\/121"}],"replies":[{"embeddable":true,"href":"https:\/\/styrke.no\/svenssonprisen\/wp-json\/wp\/v2\/comments?post=327"}],"version-history":[{"count":1,"href":"https:\/\/styrke.no\/svenssonprisen\/wp-json\/wp\/v2\/pages\/327\/revisions"}],"predecessor-version":[{"id":330,"href":"https:\/\/styrke.no\/svenssonprisen\/wp-json\/wp\/v2\/pages\/327\/revisions\/330"}],"wp:attachment":[{"href":"https:\/\/styrke.no\/svenssonprisen\/wp-json\/wp\/v2\/media?parent=327"}],"wp:term":[{"taxonomy":"news-tag","embeddable":true,"href":"https:\/\/styrke.no\/svenssonprisen\/wp-json\/wp\/v2\/news-tag?post=327"}],"curies":[{"name":"wp","href":"https:\/\/api.w.org\/{rel}","templated":true}]}}

<p></p>



<p></p>



<div class="wp-block-group is-nowrap is-layout-flex wp-container-core-group-is-layout-1 wp-block-group-is-layout-flex">
<figure class="wp-block-image size-full is-resized"><img loading="lazy" decoding="async" width="195" height="154" src="https://styrke.no/content/uploads/sites/36/2026/03/FrodeAlfheim.png" alt="" class="wp-image-328" style="width:199px;height:auto"/></figure>



<p class="has-sm-font-size wp-container-content-1"><strong>Frode Alfheim (komitéleder)</strong><br>Frode Alfheim er leder i Forbundet Styrke. Han var tidligere leder og nestleder i Industri Energi og har jobbet i LO-systemet siden 90-tallet. Alfheim har vært politisk rådgiver i tre departementer og kommer opprinnelig fra Dønna i Nordland.</p>
</div>



<p></p>



<div class="wp-block-group is-nowrap is-layout-flex wp-container-core-group-is-layout-2 wp-block-group-is-layout-flex">
<figure class="wp-block-image size-full is-resized"><img loading="lazy" decoding="async" width="199" height="178" src="https://styrke.no/content/uploads/sites/36/2026/03/Tor-ArneSolbakken.png" alt="" class="wp-image-329" style="width:204px;height:auto"/></figure>



<p class="has-sm-font-size"><strong>Tor-Arne Solbakken</strong><br>Tor-Arne Solbakken har bakgrunn fra Forsvaret som sivilt ansatt og er utdannet som landbruksmekaniker. Solbakken var nestleder i Norsk Tjenestemannslag fra 1998 til 2005, han var LO-sekretær fra 2005 til 2009 og nestleder i LO fra 2009 til 2017.</p>
</div>



<p></p>

<p>Frode Alfheim (komitéleder)Frode Alfheim er leder i Forbundet Styrke. Han var tidligere leder og nestleder i Industri Energi og har … </p>

<!-- This site is optimized with the Yoast SEO Premium plugin v22.4 (Yoast SEO v23.0) - https://yoast.com/wordpress/plugins/seo/ -->
<title>Priskomiteen - Svenssonprisen</title>
<meta name="robots" content="index, follow, max-snippet:-1, max-image-preview:large, max-video-preview:-1" />
<link rel="canonical" href="https://styrke.no/svenssonprisen/priskomiteen/" />
<meta property="og:locale" content="nb_NO" />
<meta property="og:type" content="article" />
<meta property="og:title" content="Priskomiteen" />
<meta property="og:description" content="Frode Alfheim (komitéleder)Frode Alfheim er leder i Forbundet Styrke. Han var tidligere leder og nestleder i Industri Energi og har …" />
<meta property="og:url" content="https://styrke.no/svenssonprisen/priskomiteen/" />
<meta property="og:site_name" content="Svenssonprisen" />
<meta property="article:modified_time" content="2026-03-05T08:47:31+00:00" />
<meta property="og:image" content="https://styrke.no/content/uploads/sites/36/2026/03/FrodeAlfheim.png" />
<meta name="twitter:card" content="summary_large_image" />
<meta name="twitter:label1" content="Ansl. lesetid" />
	<meta name="twitter:data1" content="1 minutt" />
<script type="application/ld+json" class="yoast-schema-graph">{"@context":"https://schema.org","@graph":[{"@type":"WebPage","@id":"https://styrke.no/svenssonprisen/priskomiteen/","url":"https://styrke.no/svenssonprisen/priskomiteen/","name":"Priskomiteen - Svenssonprisen","isPartOf":{"@id":"https://styrke.no/svenssonprisen/#website"},"primaryImageOfPage":{"@id":"https://styrke.no/svenssonprisen/priskomiteen/#primaryimage"},"image":{"@id":"https://styrke.no/svenssonprisen/priskomiteen/#primaryimage"},"thumbnailUrl":"https://styrke.no/content/uploads/sites/36/2026/03/FrodeAlfheim.png","datePublished":"2026-03-05T08:47:29+00:00","dateModified":"2026-03-05T08:47:31+00:00","breadcrumb":{"@id":"https://styrke.no/svenssonprisen/priskomiteen/#breadcrumb"},"inLanguage":"nb-NO","potentialAction":[{"@type":"ReadAction","target":["https://styrke.no/svenssonprisen/priskomiteen/"]}]},{"@type":"ImageObject","inLanguage":"nb-NO","@id":"https://styrke.no/svenssonprisen/priskomiteen/#primaryimage","url":"https://styrke.no/content/uploads/sites/36/2026/03/FrodeAlfheim.png","contentUrl":"https://styrke.no/content/uploads/sites/36/2026/03/FrodeAlfheim.png"},{"@type":"BreadcrumbList","@id":"https://styrke.no/svenssonprisen/priskomiteen/#breadcrumb","itemListElement":[{"@type":"ListItem","position":1,"name":"Hjem","item":"https://styrke.no/svenssonprisen/"},{"@type":"ListItem","position":2,"name":"Priskomiteen"}]},{"@type":"WebSite","@id":"https://styrke.no/svenssonprisen/#website","url":"https://styrke.no/svenssonprisen/","name":"Svenssonprisen","description":"","publisher":{"@id":"https://styrke.no/svenssonprisen/#organization"},"potentialAction":[{"@type":"SearchAction","target":{"@type":"EntryPoint","urlTemplate":"https://styrke.no/svenssonprisen/?s={search_term_string}"},"query-input":"required name=search_term_string"}],"inLanguage":"nb-NO"},{"@type":"Organization","@id":"https://styrke.no/svenssonprisen/#organization","name":"Svenssonprisen","url":"https://styrke.no/svenssonprisen/","logo":{"@type":"ImageObject","inLanguage":"nb-NO","@id":"https://styrke.no/svenssonprisen/#/schema/logo/image/","url":"https://styrke.no/content/uploads/sites/36/2026/02/as.png","contentUrl":"https://styrke.no/content/uploads/sites/36/2026/02/as.png","width":97,"height":112,"caption":"Svenssonprisen"},"image":{"@id":"https://styrke.no/svenssonprisen/#/schema/logo/image/"}}]}</script>
<!-- / Yoast SEO Premium plugin. -->

Frode Alfheim (komitéleder)Frode Alfheim er leder i Forbundet Styrke. Han var tidligere leder og nestleder i Industri Energi og har …
